{"id":9,"date":"2024-10-23T12:11:54","date_gmt":"2024-10-23T12:11:54","guid":{"rendered":"http:\/\/stadoservicebolaget.se\/?page_id=9"},"modified":"2025-05-09T20:37:49","modified_gmt":"2025-05-09T20:37:49","slug":"om-oss","status":"publish","type":"page","link":"https:\/\/stadoservicebolaget.se\/?page_id=9","title":{"rendered":"Om Oss"},"content":{"rendered":"\t\t<div data-elementor-type=\"wp-page\" data-elementor-id=\"9\" class=\"elementor elementor-9\" data-elementor-post-type=\"page\">\n\t\t\t\t        <section class=\"elementor-section elementor-top-section elementor-element elementor-element-3362dc74 elementor-section-full_width elementor-section-height-min-height elementor-section-stretched elementor-section-height-default elementor-section-items-middle ct-header-fixed-none ct-row-max-none\" data-id=\"3362dc74\" data-element_type=\"section\" data-settings=\"{&quot;stretch_section&quot;:&quot;section-stretched&quot;,&quot;background_background&quot;:&quot;classic&quot;}\">\n                            <div class=\"elementor-background-overlay\"><\/div>\n                \n                        <div class=\"elementor-container elementor-column-gap-no \">\n                    <div class=\"elementor-column elementor-col-100 elementor-top-column elementor-element elementor-element-2cdd8cb7\" data-id=\"2cdd8cb7\" data-element_type=\"column\">\n        <div class=\"elementor-widget-wrap elementor-element-populated\">\n                    \n        \t\t<div class=\"elementor-element elementor-element-1f0de55e elementor-invisible elementor-widget elementor-widget-heading\" data-id=\"1f0de55e\" data-element_type=\"widget\" data-settings=\"{&quot;_animation&quot;:&quot;fadeInDown&quot;}\" data-widget_type=\"heading.default\">\n\t\t\t\t<div class=\"elementor-widget-container\">\n\t\t\t\t\t<h2 class=\"elementor-heading-title elementor-size-default\">Om Oss<\/h2>\t\t\t\t<\/div>\n\t\t\t\t<\/div>\n\t\t            <\/div>\n        <\/div>\n                    <\/div>\n        <\/section>\n                <section class=\"elementor-section elementor-top-section elementor-element elementor-element-489c7dd3 elementor-section-stretched elementor-section-boxed elementor-section-height-default elementor-section-height-default ct-header-fixed-none ct-row-max-none\" data-id=\"489c7dd3\" data-element_type=\"section\" data-settings=\"{&quot;stretch_section&quot;:&quot;section-stretched&quot;,&quot;animation&quot;:&quot;none&quot;,&quot;background_background&quot;:&quot;classic&quot;}\">\n            \n                        <div class=\"elementor-container elementor-column-gap-no \">\n                    <div class=\"elementor-column elementor-col-100 elementor-top-column elementor-element elementor-element-7fbc3322\" data-id=\"7fbc3322\" data-element_type=\"column\" data-settings=\"{&quot;animation&quot;:&quot;none&quot;}\">\n        <div class=\"elementor-widget-wrap elementor-element-populated\">\n                    \n        \t\t<div class=\"elementor-element elementor-element-3f519c82 elementor-widget elementor-widget-heading\" data-id=\"3f519c82\" data-element_type=\"widget\" data-settings=\"{&quot;_animation&quot;:&quot;none&quot;}\" data-widget_type=\"heading.default\">\n\t\t\t\t<div class=\"elementor-widget-container\">\n\t\t\t\t\t<h2 class=\"elementor-heading-title elementor-size-default\">Om oss \u2013 St\u00e4dfirma med hj\u00e4rta och kvalitet<\/h2>\t\t\t\t<\/div>\n\t\t\t\t<\/div>\n\t\t\t\t<div class=\"elementor-element elementor-element-650ea299 elementor-widget elementor-widget-text-editor\" data-id=\"650ea299\" data-element_type=\"widget\" data-settings=\"{&quot;_animation&quot;:&quot;none&quot;}\" data-widget_type=\"text-editor.default\">\n\t\t\t\t<div class=\"elementor-widget-container\">\n\t\t\t\t\t\t\t\t\t<p>V\u00e4lkommen till oss p\u00e5 St\u00e4d &amp; Servicebolaget, en familje\u00e4gd st\u00e4dfirma som har funnits i 20 \u00e5r. <br \/>Vi grundades i Norrk\u00f6ping med en enkel men stark vision: att erbjuda h\u00f6gkvalitativa st\u00e4dtj\u00e4nster med fokus p\u00e5 l\u00e5ngsiktiga relationer och n\u00f6jda kunder. <br \/>Under \u00e5ren har vi byggt upp ett stabilt och p\u00e5litligt rykte, b\u00e5de bland privatpersoner och f\u00f6retag, som har gett oss en lojal kundkrets som \u00e5terkommer \u00e5r efter \u00e5r.<br \/>Som familjef\u00f6retag v\u00e4rdes\u00e4tter vi relationer \u00f6ver allt annat. Vi tror p\u00e5 att bygga l\u00e5ngsiktiga samarbeten, d\u00e4r kundens f\u00f6rtroende och n\u00f6jdhet alltid \u00e4r i fokus. <br \/>V\u00e5r m\u00e5ls\u00e4ttning \u00e4r att vara mer \u00e4n bara en st\u00e4dfirma \u2013 vi vill vara en p\u00e5litlig partner f\u00f6r b\u00e5de sm\u00e5 och stora uppdrag. D\u00e4rf\u00f6r g\u00e5r vi alltid den extra milen f\u00f6r att s\u00e4kerst\u00e4lla att varje kund f\u00e5r den b\u00e4sta servicen och den h\u00f6gsta kvaliteten.<\/p>\t\t\t\t\t\t\t\t<\/div>\n\t\t\t\t<\/div>\n\t\t\t\t<div class=\"elementor-element elementor-element-f0a492a elementor-widget elementor-widget-heading\" data-id=\"f0a492a\" data-element_type=\"widget\" data-settings=\"{&quot;_animation&quot;:&quot;none&quot;}\" data-widget_type=\"heading.default\">\n\t\t\t\t<div class=\"elementor-widget-container\">\n\t\t\t\t\t<h2 class=\"elementor-heading-title elementor-size-default\">V\u00e5r erfarenhet \u2013 din trygghet<\/h2>\t\t\t\t<\/div>\n\t\t\t\t<\/div>\n\t\t\t\t<div class=\"elementor-element elementor-element-9e621b8 elementor-widget elementor-widget-text-editor\" data-id=\"9e621b8\" data-element_type=\"widget\" data-settings=\"{&quot;_animation&quot;:&quot;none&quot;}\" data-widget_type=\"text-editor.default\">\n\t\t\t\t<div class=\"elementor-widget-container\">\n\t\t\t\t\t\t\t\t\t<p>Med 20 \u00e5rs erfarenhet i branschen har vi samlat p\u00e5 oss ett brett kunnande som g\u00f6r oss till en p\u00e5litlig akt\u00f6r p\u00e5 marknaden. Vi har arbetat med b\u00e5de privatpersoner och f\u00f6retag, och oavsett storlek p\u00e5 uppdraget kan du lita p\u00e5 att vi levererar professionellt och noggrant. M\u00e5nga av v\u00e5ra kunder \u00e4r \u00e5terkommande och lojala, vilket vi ser som ett bevis p\u00e5 v\u00e5rt arbete och v\u00e5rt engagemang.<br \/>Hos oss f\u00e5r du inte bara ett rent hem eller en st\u00e4dad kontorslokal \u2013 du f\u00e5r en partner som verkligen bryr sig om ditt behov av service och kvalitet.<\/p><p>V\u00e4lkommen att kontakta oss f\u00f6r en kostnadsfri och personlig offert. Vi ser fram emot att hj\u00e4lpa dig!<\/p>\t\t\t\t\t\t\t\t<\/div>\n\t\t\t\t<\/div>\n\t\t            <\/div>\n        <\/div>\n                    <\/div>\n        <\/section>\n                <section class=\"elementor-section elementor-top-section elementor-element elementor-element-a75cf1a elementor-section-full_width elementor-section-height-min-height elementor-section-stretched elementor-section-height-default elementor-section-items-middle ct-header-fixed-none ct-row-max-none\" data-id=\"a75cf1a\" data-element_type=\"section\" data-settings=\"{&quot;stretch_section&quot;:&quot;section-stretched&quot;,&quot;background_background&quot;:&quot;classic&quot;}\">\n                            <div class=\"elementor-background-overlay\"><\/div>\n                \n                        <div class=\"elementor-container elementor-column-gap-no \">\n                    <div class=\"elementor-column elementor-col-100 elementor-top-column elementor-element elementor-element-7d5f4d5\" data-id=\"7d5f4d5\" data-element_type=\"column\">\n        <div class=\"elementor-widget-wrap elementor-element-populated\">\n                    \n        \t\t<div class=\"elementor-element elementor-element-04d3f7b elementor-widget elementor-widget-ct_heading\" data-id=\"04d3f7b\" data-element_type=\"widget\" data-widget_type=\"ct_heading.default\">\n\t\t\t\t<div class=\"elementor-widget-container\">\n\t\t\t\t\t<div id=\"ct_heading-04d3f7b\" class=\"ct-heading h-align-center sub-style1 ct-heading-left item-st-default\">\r\n\t<div class=\"ct-item--inner\">\r\n        <div class=\"ct-inline-css\"  data-css=\"\r\n            \">\r\n        <\/div>\r\n                <h3 class=\"item--title st-default case-animate-time\" data-wow-delay=\"ms\">\r\n                        <span class=\"sp-main\">\r\n                \r\n                Vi finns h\u00e4r f\u00f6r dig\r\n                \r\n                            <\/span>\r\n                    <\/h3>\r\n    <\/div>\r\n<\/div>\t\t\t\t<\/div>\n\t\t\t\t<\/div>\n\t\t\t\t<div class=\"elementor-element elementor-element-d9c0e1c elementor-align-center elementor-widget elementor-widget-ct_button\" data-id=\"d9c0e1c\" data-element_type=\"widget\" data-widget_type=\"ct_button.default\">\n\t\t\t\t<div class=\"elementor-widget-container\">\n\t\t\t\t\t<div id=\"ct_button-d9c0e1c\" class=\"ct-button-wrapper ct-button-layout1 icon- btn--inline \">\r\n    <div class=\"ct-inline-css\"  data-css=\"\r\n        \">\r\n    <\/div>\r\n            <span class=\"ct-icon-active\"><\/span>\r\n        <a href=\"https:\/\/stadoservicebolaget.se\/?page_id=8\" class=\"btn btn-secondary icon-active btn-inline-block  \" data-wow-delay=\"ms\">\r\n                            <span class=\"ct-button-icon ct-align-icon-\">\r\n                            <\/span>\r\n                <span class=\"ct-button-text\">Kontakta Oss<\/span>\r\n    <\/a>\r\n<\/div>\t\t\t\t<\/div>\n\t\t\t\t<\/div>\n\t\t            <\/div>\n        <\/div>\n                    <\/div>\n        <\/section>\n        \t\t<\/div>\n\t\t","protected":false},"excerpt":{"rendered":"<p>Om Oss Om oss \u2013 St\u00e4dfirma med hj\u00e4rta och kvalitet V\u00e4lkommen till oss p\u00e5 St\u00e4d &amp; Servicebolaget, en familje\u00e4gd st\u00e4dfirma som har funnits i 20 \u00e5r. Vi grundades i Norrk\u00f6ping med en enkel men stark vision: att erbjuda h\u00f6gkvalitativa st\u00e4dtj\u00e4nster med fokus p\u00e5 l\u00e5ngsiktiga relationer och n\u00f6jda kunder. Under \u00e5ren har vi byggt upp ett [&hellip;]<\/p>\n","protected":false},"author":1,"featured_media":0,"parent":0,"menu_order":0,"comment_status":"closed","ping_status":"closed","template":"","meta":{"footnotes":""},"class_list":["post-9","page","type-page","status-publish","hentry"],"_links":{"self":[{"href":"https:\/\/stadoservicebolaget.se\/index.php?rest_route=\/wp\/v2\/pages\/9","targetHints":{"allow":["GET"]}}],"collection":[{"href":"https:\/\/stadoservicebolaget.se\/index.php?rest_route=\/wp\/v2\/pages"}],"about":[{"href":"https:\/\/stadoservicebolaget.se\/index.php?rest_route=\/wp\/v2\/types\/page"}],"author":[{"embeddable":true,"href":"https:\/\/stadoservicebolaget.se\/index.php?rest_route=\/wp\/v2\/users\/1"}],"replies":[{"embeddable":true,"href":"https:\/\/stadoservicebolaget.se\/index.php?rest_route=%2Fwp%2Fv2%2Fcomments&post=9"}],"version-history":[{"count":37,"href":"https:\/\/stadoservicebolaget.se\/index.php?rest_route=\/wp\/v2\/pages\/9\/revisions"}],"predecessor-version":[{"id":839,"href":"https:\/\/stadoservicebolaget.se\/index.php?rest_route=\/wp\/v2\/pages\/9\/revisions\/839"}],"wp:attachment":[{"href":"https:\/\/stadoservicebolaget.se\/index.php?rest_route=%2Fwp%2Fv2%2Fmedia&parent=9"}],"curies":[{"name":"wp","href":"https:\/\/api.w.org\/{rel}","templated":true}]}}